[INFO] cloning repository https://github.com/finegeometer/sandpile-3d
[INFO] running `Command { std: "git" "-c" "credential.helper=" "-c" "credential.helper=/workspace/cargo-home/bin/git-credential-null" "clone" "--bare" "https://github.com/finegeometer/sandpile-3d" "/workspace/cache/git-repos/https%3A%2F%2Fgithub.com%2Ffinegeometer%2Fsandpile-3d", kill_on_drop: false }`
[INFO] [stderr] Cloning into bare repository '/workspace/cache/git-repos/https%3A%2F%2Fgithub.com%2Ffinegeometer%2Fsandpile-3d'...
[INFO] running `Command { std: "git" "rev-parse" "HEAD", kill_on_drop: false }`
[INFO] [stdout] c6e6053ddd695e5ceab33cf1f185cdf60bd0b9df
[INFO] checking finegeometer/sandpile-3d against master#af3c6e733a40e671550e0f0f5aeecaa13772ba56 for pr-74989
[INFO] running `Command { std: "git" "clone" "/workspace/cache/git-repos/https%3A%2F%2Fgithub.com%2Ffinegeometer%2Fsandpile-3d" "/workspace/builds/worker-7/source", kill_on_drop: false }`
[INFO] [stderr] Cloning into '/workspace/builds/worker-7/source'...
[INFO] [stderr] done.
[INFO] validating manifest of git repo https://github.com/finegeometer/sandpile-3d on toolchain af3c6e733a40e671550e0f0f5aeecaa13772ba56
[INFO] running `Command { std: "/workspace/cargo-home/bin/cargo" "+af3c6e733a40e671550e0f0f5aeecaa13772ba56" "read-manifest" "--manifest-path" "Cargo.toml", kill_on_drop: false }`
[INFO] started tweaking git repo https://github.com/finegeometer/sandpile-3d
[INFO] finished tweaking git repo https://github.com/finegeometer/sandpile-3d
[INFO] tweaked toml for git repo https://github.com/finegeometer/sandpile-3d written to /workspace/builds/worker-7/source/Cargo.toml
[INFO] crate git repo https://github.com/finegeometer/sandpile-3d already has a lockfile, it will not be regenerated
[INFO] running `Command { std: "/workspace/cargo-home/bin/cargo" "+af3c6e733a40e671550e0f0f5aeecaa13772ba56" "fetch" "--locked" "--manifest-path" "Cargo.toml", kill_on_drop: false }`
[INFO] running `Command { std: "docker" "create" "-v" "/var/lib/crater-agent-workspace/builds/worker-7/target:/opt/rustwide/target:rw,Z" "-v" "/var/lib/crater-agent-workspace/builds/worker-7/source:/opt/rustwide/workdir:ro,Z" "-v" "/var/lib/crater-agent-workspace/cargo-home:/opt/rustwide/cargo-home:ro,Z" "-v" "/var/lib/crater-agent-workspace/rustup-home:/opt/rustwide/rustup-home:ro,Z" "-e" "SOURCE_DIR=/opt/rustwide/workdir" "-e" "CARGO_TARGET_DIR=/opt/rustwide/target" "-e" "CARGO_HOME=/opt/rustwide/cargo-home" "-e" "RUSTUP_HOME=/opt/rustwide/rustup-home" "-w" "/opt/rustwide/workdir" "-m" "1610612736" "--user" "0:0" "--network" "none" "rustops/crates-build-env@sha256:d92eaeed33fa75130ca1ee6c8a01d1ffb62bac859dfdfb3450e3e5d1c0146529" "/opt/rustwide/cargo-home/bin/cargo" "+af3c6e733a40e671550e0f0f5aeecaa13772ba56" "metadata" "--no-deps" "--format-version=1", kill_on_drop: false }`
[INFO] [stderr] WARNING: Your kernel does not support swap limit capabilities or the cgroup is not mounted. Memory limited without swap.
[INFO] [stdout] f34f64dacade51ea5a1cd2ac224f18f80e101f57d95d644fde981039e39acadf
[INFO] running `Command { std: "docker" "start" "-a" "f34f64dacade51ea5a1cd2ac224f18f80e101f57d95d644fde981039e39acadf", kill_on_drop: false }`
[INFO] running `Command { std: "docker" "inspect" "f34f64dacade51ea5a1cd2ac224f18f80e101f57d95d644fde981039e39acadf", kill_on_drop: false }`
[INFO] running `Command { std: "docker" "rm" "-f" "f34f64dacade51ea5a1cd2ac224f18f80e101f57d95d644fde981039e39acadf", kill_on_drop: false }`
[INFO] [stdout] f34f64dacade51ea5a1cd2ac224f18f80e101f57d95d644fde981039e39acadf
[INFO] running `Command { std: "docker" "create" "-v" "/var/lib/crater-agent-workspace/builds/worker-7/target:/opt/rustwide/target:rw,Z" "-v" "/var/lib/crater-agent-workspace/builds/worker-7/source:/opt/rustwide/workdir:ro,Z" "-v" "/var/lib/crater-agent-workspace/cargo-home:/opt/rustwide/cargo-home:ro,Z" "-v" "/var/lib/crater-agent-workspace/rustup-home:/opt/rustwide/rustup-home:ro,Z" "-e" "SOURCE_DIR=/opt/rustwide/workdir" "-e" "CARGO_TARGET_DIR=/opt/rustwide/target" "-e" "CARGO_INCREMENTAL=0" "-e" "RUST_BACKTRACE=full" "-e" "RUSTFLAGS=--cap-lints=forbid" "-e" "CARGO_HOME=/opt/rustwide/cargo-home" "-e" "RUSTUP_HOME=/opt/rustwide/rustup-home" "-w" "/opt/rustwide/workdir" "-m" "1610612736" "--user" "0:0" "--network" "none" "rustops/crates-build-env@sha256:d92eaeed33fa75130ca1ee6c8a01d1ffb62bac859dfdfb3450e3e5d1c0146529" "/opt/rustwide/cargo-home/bin/cargo" "+af3c6e733a40e671550e0f0f5aeecaa13772ba56" "check" "--frozen" "--all" "--all-targets" "--message-format=json", kill_on_drop: false }`
[INFO] [stderr] WARNING: Your kernel does not support swap limit capabilities or the cgroup is not mounted. Memory limited without swap.
[INFO] [stdout] b444ab83b6d54e1c10d018f0cbce47ba4e4ca56398836879dc4a680b3bd887a5
[INFO] running `Command { std: "docker" "start" "-a" "b444ab83b6d54e1c10d018f0cbce47ba4e4ca56398836879dc4a680b3bd887a5", kill_on_drop: false }`
[INFO] [stderr]    Compiling autocfg v0.1.7
[INFO] [stderr]    Compiling wasm-bindgen-shared v0.2.54
[INFO] [stderr]    Compiling cfg-if v0.1.10
[INFO] [stderr]     Checking rand_core v0.4.2
[INFO] [stderr]    Compiling memchr v2.2.1
[INFO] [stderr]    Compiling version_check v0.1.5
[INFO] [stderr]    Compiling wasm-bindgen v0.2.54
[INFO] [stderr]    Compiling unicode-segmentation v1.6.0
[INFO] [stderr]    Compiling typenum v1.11.2
[INFO] [stderr]    Compiling libm v0.1.4
[INFO] [stderr]    Compiling sourcefile v0.1.4
[INFO] [stderr]     Checking rawpointer v0.2.1
[INFO] [stderr]    Compiling anyhow v1.0.19
[INFO] [stderr]    Compiling log v0.4.8
[INFO] [stderr]    Compiling syn v1.0.8
[INFO] [stderr]     Checking matrixmultiply v0.2.3
[INFO] [stderr]     Checking rand_core v0.3.1
[INFO] [stderr]     Checking rand_os v0.1.3
[INFO] [stderr]     Checking rand_jitter v0.1.4
[INFO] [stderr]     Checking rand_hc v0.1.0
[INFO] [stderr]     Checking rand_xorshift v0.1.1
[INFO] [stderr]     Checking rand_isaac v0.1.1
[INFO] [stderr]    Compiling nom v4.2.3
[INFO] [stderr]    Compiling num-traits v0.2.9
[INFO] [stderr]    Compiling num-integer v0.1.41
[INFO] [stderr]    Compiling rand_pcg v0.1.2
[INFO] [stderr]    Compiling rand_chacha v0.1.1
[INFO] [stderr]    Compiling num-complex v0.2.3
[INFO] [stderr]    Compiling num-rational v0.2.2
[INFO] [stderr]    Compiling rand v0.6.5
[INFO] [stderr]    Compiling heck v0.3.1
[INFO] [stderr]     Checking generic-array v0.12.3
[INFO] [stderr]     Checking approx v0.3.2
[INFO] [stderr]    Compiling weedle v0.10.0
[INFO] [stderr]     Checking alga v0.9.2
[INFO] [stderr]     Checking nalgebra v0.18.1
[INFO] [stderr]    Compiling wasm-bindgen-backend v0.2.54
[INFO] [stderr]    Compiling wasm-bindgen-macro-support v0.2.54
[INFO] [stderr]    Compiling wasm-bindgen-webidl v0.2.54
[INFO] [stderr]    Compiling wasm-bindgen-macro v0.2.54
[INFO] [stderr]    Compiling web-sys v0.3.31
[INFO] [stderr]     Checking js-sys v0.3.31
[INFO] [stderr]     Checking console_error_panic_hook v0.1.6
[INFO] [stdout] error: return value of constructor must be a bare path
[INFO] [stdout]     --> /opt/rustwide/cargo-home/registry/src/github.com-1ecc6299db9ec823/js-sys-0.3.31/src/lib.rs:4667:13
[INFO] [stdout]      |
[INFO] [stdout] 4667 | /             /// The
[INFO] [stdout] 4668 | |             #[doc = $ctor]
[INFO] [stdout] 4669 | |             /// constructor creates an array of unsigned 8-bit integers.
[INFO] [stdout] 4670 | |             ///
[INFO] [stdout] ...    |
[INFO] [stdout] 4674 | |             #[wasm_bindgen(constructor)]
[INFO] [stdout] 4675 | |             pub fn new(constructor_arg: &JsValue) -> $name;
[INFO] [stdout]      | |___________________________________________________________^
[INFO] [stdout] ...
[INFO] [stdout] 4862 | / arrays! {
[INFO] [stdout] 4863 | |     /// `Int8Array()`
[INFO] [stdout] 4864 | |     /// https://developer.mozilla.org/en-US/docs/Web/JavaScript/Reference/Global_Objects/Int8Array
[INFO] [stdout] 4865 | |     Int8Array: i8 => 0,
[INFO] [stdout] ...    |
[INFO] [stdout] 4897 | |     Float64Array: f64 => 0.0,
[INFO] [stdout] 4898 | | }
[INFO] [stdout]      | |_- in this macro invocation
[INFO] [stdout]      |
[INFO] [stdout]      = note: this error originates in a macro (in Nightly builds, run with -Z macro-backtrace for more info)
[INFO] [stdout] 
[INFO] [stdout] 
[INFO] [stdout] error: return value of constructor must be a bare path
[INFO] [stdout]     --> /opt/rustwide/cargo-home/registry/src/github.com-1ecc6299db9ec823/js-sys-0.3.31/src/lib.rs:4677:13
[INFO] [stdout]      |
[INFO] [stdout] 4677 | /             /// An
[INFO] [stdout] 4678 | |             #[doc = $ctor]
[INFO] [stdout] 4679 | |             /// which creates an array with an internal buffer large
[INFO] [stdout] 4680 | |             /// enough for `length` elements.
[INFO] [stdout] ...    |
[INFO] [stdout] 4685 | |             #[wasm_bindgen(constructor)]
[INFO] [stdout] 4686 | |             pub fn new_with_length(length: u32) -> $name;
[INFO] [stdout]      | |_________________________________________________________^
[INFO] [stdout] ...
[INFO] [stdout] 4862 | / arrays! {
[INFO] [stdout] 4863 | |     /// `Int8Array()`
[INFO] [stdout] 4864 | |     /// https://developer.mozilla.org/en-US/docs/Web/JavaScript/Reference/Global_Objects/Int8Array
[INFO] [stdout] 4865 | |     Int8Array: i8 => 0,
[INFO] [stdout] ...    |
[INFO] [stdout] 4897 | |     Float64Array: f64 => 0.0,
[INFO] [stdout] 4898 | | }
[INFO] [stdout]      | |_- in this macro invocation
[INFO] [stdout]      |
[INFO] [stdout]      = note: this error originates in a macro (in Nightly builds, run with -Z macro-backtrace for more info)
[INFO] [stdout] 
[INFO] [stdout] 
[INFO] [stdout] error: return value of constructor must be a bare path
[INFO] [stdout]     --> /opt/rustwide/cargo-home/registry/src/github.com-1ecc6299db9ec823/js-sys-0.3.31/src/lib.rs:4688:13
[INFO] [stdout]      |
[INFO] [stdout] 4688 | /             /// An
[INFO] [stdout] 4689 | |             #[doc = $ctor]
[INFO] [stdout] 4690 | |             /// which creates an array with the given buffer but is a
[INFO] [stdout] 4691 | |             /// view starting at `byte_offset`.
[INFO] [stdout] ...    |
[INFO] [stdout] 4696 | |             #[wasm_bindgen(constructor)]
[INFO] [stdout] 4697 | |             pub fn new_with_byte_offset(buffer: &JsValue, byte_offset: u32) -> $name;
[INFO] [stdout]      | |_____________________________________________________________________________________^
[INFO] [stdout] ...
[INFO] [stdout] 4862 | / arrays! {
[INFO] [stdout] 4863 | |     /// `Int8Array()`
[INFO] [stdout] 4864 | |     /// https://developer.mozilla.org/en-US/docs/Web/JavaScript/Reference/Global_Objects/Int8Array
[INFO] [stdout] 4865 | |     Int8Array: i8 => 0,
[INFO] [stdout] ...    |
[INFO] [stdout] 4897 | |     Float64Array: f64 => 0.0,
[INFO] [stdout] 4898 | | }
[INFO] [stdout]      | |_- in this macro invocation
[INFO] [stdout]      |
[INFO] [stdout]      = note: this error originates in a macro (in Nightly builds, run with -Z macro-backtrace for more info)
[INFO] [stdout] 
[INFO] [stdout] 
[INFO] [stdout] error: return value of constructor must be a bare path
[INFO] [stdout]     --> /opt/rustwide/cargo-home/registry/src/github.com-1ecc6299db9ec823/js-sys-0.3.31/src/lib.rs:4699:13
[INFO] [stdout]      |
[INFO] [stdout] 4699 | /             /// An
[INFO] [stdout] 4700 | |             #[doc = $ctor]
[INFO] [stdout] 4701 | |             /// which creates an array with the given buffer but is a
[INFO] [stdout] 4702 | |             /// view starting at `byte_offset` for `length` elements.
[INFO] [stdout] ...    |
[INFO] [stdout] 4711 | |                 length: u32,
[INFO] [stdout] 4712 | |             ) -> $name;
[INFO] [stdout]      | |_______________________^
[INFO] [stdout] ...
[INFO] [stdout] 4862 | / arrays! {
[INFO] [stdout] 4863 | |     /// `Int8Array()`
[INFO] [stdout] 4864 | |     /// https://developer.mozilla.org/en-US/docs/Web/JavaScript/Reference/Global_Objects/Int8Array
[INFO] [stdout] 4865 | |     Int8Array: i8 => 0,
[INFO] [stdout] ...    |
[INFO] [stdout] 4897 | |     Float64Array: f64 => 0.0,
[INFO] [stdout] 4898 | | }
[INFO] [stdout]      | |_- in this macro invocation
[INFO] [stdout]      |
[INFO] [stdout]      = note: this error originates in a macro (in Nightly builds, run with -Z macro-backtrace for more info)
[INFO] [stdout] 
[INFO] [stdout] 
[INFO] [stdout] error: first argument of method must be a path
[INFO] [stdout]     --> /opt/rustwide/cargo-home/registry/src/github.com-1ecc6299db9ec823/js-sys-0.3.31/src/lib.rs:4719:32
[INFO] [stdout]      |
[INFO] [stdout] 4719 |               pub fn fill(this: &$name, value: $ty, start: u32, end: u32) -> $name;
[INFO] [stdout]      |                                  ^^^^^
[INFO] [stdout] ...
[INFO] [stdout] 4862 | / arrays! {
[INFO] [stdout] 4863 | |     /// `Int8Array()`
[INFO] [stdout] 4864 | |     /// https://developer.mozilla.org/en-US/docs/Web/JavaScript/Reference/Global_Objects/Int8Array
[INFO] [stdout] 4865 | |     Int8Array: i8 => 0,
[INFO] [stdout] ...    |
[INFO] [stdout] 4897 | |     Float64Array: f64 => 0.0,
[INFO] [stdout] 4898 | | }
[INFO] [stdout]      | |_- in this macro invocation
[INFO] [stdout]      |
[INFO] [stdout]      = note: this error originates in a macro (in Nightly builds, run with -Z macro-backtrace for more info)
[INFO] [stdout] 
[INFO] [stdout] 
[INFO] [stdout] error: first argument of method must be a path
[INFO] [stdout]     --> /opt/rustwide/cargo-home/registry/src/github.com-1ecc6299db9ec823/js-sys-0.3.31/src/lib.rs:4724:34
[INFO] [stdout]      |
[INFO] [stdout] 4724 |               pub fn buffer(this: &$name) -> ArrayBuffer;
[INFO] [stdout]      |                                    ^^^^^
[INFO] [stdout] ...
[INFO] [stdout] 4862 | / arrays! {
[INFO] [stdout] 4863 | |     /// `Int8Array()`
[INFO] [stdout] 4864 | |     /// https://developer.mozilla.org/en-US/docs/Web/JavaScript/Reference/Global_Objects/Int8Array
[INFO] [stdout] 4865 | |     Int8Array: i8 => 0,
[INFO] [stdout] ...    |
[INFO] [stdout] 4897 | |     Float64Array: f64 => 0.0,
[INFO] [stdout] 4898 | | }
[INFO] [stdout]      | |_- in this macro invocation
[INFO] [stdout]      |
[INFO] [stdout]      = note: this error originates in a macro (in Nightly builds, run with -Z macro-backtrace for more info)
[INFO] [stdout] 
[INFO] [stdout] 
[INFO] [stdout] error: first argument of method must be a path
[INFO] [stdout]     --> /opt/rustwide/cargo-home/registry/src/github.com-1ecc6299db9ec823/js-sys-0.3.31/src/lib.rs:4729:36
[INFO] [stdout]      |
[INFO] [stdout] 4729 |               pub fn subarray(this: &$name, begin: u32, end: u32) -> $name;
[INFO] [stdout]      |                                      ^^^^^
[INFO] [stdout] ...
[INFO] [stdout] 4862 | / arrays! {
[INFO] [stdout] 4863 | |     /// `Int8Array()`
[INFO] [stdout] 4864 | |     /// https://developer.mozilla.org/en-US/docs/Web/JavaScript/Reference/Global_Objects/Int8Array
[INFO] [stdout] 4865 | |     Int8Array: i8 => 0,
[INFO] [stdout] ...    |
[INFO] [stdout] 4897 | |     Float64Array: f64 => 0.0,
[INFO] [stdout] 4898 | | }
[INFO] [stdout]      | |_- in this macro invocation
[INFO] [stdout]      |
[INFO] [stdout]      = note: this error originates in a macro (in Nightly builds, run with -Z macro-backtrace for more info)
[INFO] [stdout] 
[INFO] [stdout] 
[INFO] [stdout] error: first argument of method must be a path
[INFO] [stdout]     --> /opt/rustwide/cargo-home/registry/src/github.com-1ecc6299db9ec823/js-sys-0.3.31/src/lib.rs:4735:33
[INFO] [stdout]      |
[INFO] [stdout] 4735 |               pub fn slice(this: &$name, begin: u32, end: u32) -> $name;
[INFO] [stdout]      |                                   ^^^^^
[INFO] [stdout] ...
[INFO] [stdout] 4862 | / arrays! {
[INFO] [stdout] 4863 | |     /// `Int8Array()`
[INFO] [stdout] 4864 | |     /// https://developer.mozilla.org/en-US/docs/Web/JavaScript/Reference/Global_Objects/Int8Array
[INFO] [stdout] 4865 | |     Int8Array: i8 => 0,
[INFO] [stdout] ...    |
[INFO] [stdout] 4897 | |     Float64Array: f64 => 0.0,
[INFO] [stdout] 4898 | | }
[INFO] [stdout]      | |_- in this macro invocation
[INFO] [stdout]      |
[INFO] [stdout]      = note: this error originates in a macro (in Nightly builds, run with -Z macro-backtrace for more info)
[INFO] [stdout] 
[INFO] [stdout] 
[INFO] [stdout] error: first argument of method must be a path
[INFO] [stdout]     --> /opt/rustwide/cargo-home/registry/src/github.com-1ecc6299db9ec823/js-sys-0.3.31/src/lib.rs:4742:36
[INFO] [stdout]      |
[INFO] [stdout] 4742 |               pub fn for_each(this: &$name, callback: &mut dyn FnMut($ty, u32, $name));
[INFO] [stdout]      |                                      ^^^^^
[INFO] [stdout] ...
[INFO] [stdout] 4862 | / arrays! {
[INFO] [stdout] 4863 | |     /// `Int8Array()`
[INFO] [stdout] 4864 | |     /// https://developer.mozilla.org/en-US/docs/Web/JavaScript/Reference/Global_Objects/Int8Array
[INFO] [stdout] 4865 | |     Int8Array: i8 => 0,
[INFO] [stdout] ...    |
[INFO] [stdout] 4897 | |     Float64Array: f64 => 0.0,
[INFO] [stdout] 4898 | | }
[INFO] [stdout]      | |_- in this macro invocation
[INFO] [stdout]      |
[INFO] [stdout]      = note: this error originates in a macro (in Nightly builds, run with -Z macro-backtrace for more info)
[INFO] [stdout] 
[INFO] [stdout] 
[INFO] [stdout] error: first argument of method must be a path
[INFO] [stdout]     --> /opt/rustwide/cargo-home/registry/src/github.com-1ecc6299db9ec823/js-sys-0.3.31/src/lib.rs:4747:34
[INFO] [stdout]      |
[INFO] [stdout] 4747 |               pub fn length(this: &$name) -> u32;
[INFO] [stdout]      |                                    ^^^^^
[INFO] [stdout] ...
[INFO] [stdout] 4862 | / arrays! {
[INFO] [stdout] 4863 | |     /// `Int8Array()`
[INFO] [stdout] 4864 | |     /// https://developer.mozilla.org/en-US/docs/Web/JavaScript/Reference/Global_Objects/Int8Array
[INFO] [stdout] 4865 | |     Int8Array: i8 => 0,
[INFO] [stdout] ...    |
[INFO] [stdout] 4897 | |     Float64Array: f64 => 0.0,
[INFO] [stdout] 4898 | | }
[INFO] [stdout]      | |_- in this macro invocation
[INFO] [stdout]      |
[INFO] [stdout]      = note: this error originates in a macro (in Nightly builds, run with -Z macro-backtrace for more info)
[INFO] [stdout] 
[INFO] [stdout] 
[INFO] [stdout] error: first argument of method must be a path
[INFO] [stdout]     --> /opt/rustwide/cargo-home/registry/src/github.com-1ecc6299db9ec823/js-sys-0.3.31/src/lib.rs:4752:39
[INFO] [stdout]      |
[INFO] [stdout] 4752 |               pub fn byte_length(this: &$name) -> u32;
[INFO] [stdout]      |                                         ^^^^^
[INFO] [stdout] ...
[INFO] [stdout] 4862 | / arrays! {
[INFO] [stdout] 4863 | |     /// `Int8Array()`
[INFO] [stdout] 4864 | |     /// https://developer.mozilla.org/en-US/docs/Web/JavaScript/Reference/Global_Objects/Int8Array
[INFO] [stdout] 4865 | |     Int8Array: i8 => 0,
[INFO] [stdout] ...    |
[INFO] [stdout] 4897 | |     Float64Array: f64 => 0.0,
[INFO] [stdout] 4898 | | }
[INFO] [stdout]      | |_- in this macro invocation
[INFO] [stdout]      |
[INFO] [stdout]      = note: this error originates in a macro (in Nightly builds, run with -Z macro-backtrace for more info)
[INFO] [stdout] 
[INFO] [stdout] 
[INFO] [stdout] error: first argument of method must be a path
[INFO] [stdout]     --> /opt/rustwide/cargo-home/registry/src/github.com-1ecc6299db9ec823/js-sys-0.3.31/src/lib.rs:4757:39
[INFO] [stdout]      |
[INFO] [stdout] 4757 |               pub fn byte_offset(this: &$name) -> u32;
[INFO] [stdout]      |                                         ^^^^^
[INFO] [stdout] ...
[INFO] [stdout] 4862 | / arrays! {
[INFO] [stdout] 4863 | |     /// `Int8Array()`
[INFO] [stdout] 4864 | |     /// https://developer.mozilla.org/en-US/docs/Web/JavaScript/Reference/Global_Objects/Int8Array
[INFO] [stdout] 4865 | |     Int8Array: i8 => 0,
[INFO] [stdout] ...    |
[INFO] [stdout] 4897 | |     Float64Array: f64 => 0.0,
[INFO] [stdout] 4898 | | }
[INFO] [stdout]      | |_- in this macro invocation
[INFO] [stdout]      |
[INFO] [stdout]      = note: this error originates in a macro (in Nightly builds, run with -Z macro-backtrace for more info)
[INFO] [stdout] 
[INFO] [stdout] 
[INFO] [stdout] error: first argument of method must be a path
[INFO] [stdout]     --> /opt/rustwide/cargo-home/registry/src/github.com-1ecc6299db9ec823/js-sys-0.3.31/src/lib.rs:4762:31
[INFO] [stdout]      |
[INFO] [stdout] 4762 |               pub fn set(this: &$name, src: &JsValue, offset: u32);
[INFO] [stdout]      |                                 ^^^^^
[INFO] [stdout] ...
[INFO] [stdout] 4862 | / arrays! {
[INFO] [stdout] 4863 | |     /// `Int8Array()`
[INFO] [stdout] 4864 | |     /// https://developer.mozilla.org/en-US/docs/Web/JavaScript/Reference/Global_Objects/Int8Array
[INFO] [stdout] 4865 | |     Int8Array: i8 => 0,
[INFO] [stdout] ...    |
[INFO] [stdout] 4897 | |     Float64Array: f64 => 0.0,
[INFO] [stdout] 4898 | | }
[INFO] [stdout]      | |_- in this macro invocation
[INFO] [stdout]      |
[INFO] [stdout]      = note: this error originates in a macro (in Nightly builds, run with -Z macro-backtrace for more info)
[INFO] [stdout] 
[INFO] [stdout] 
[INFO] [stdout] error[E0433]: failed to resolve: use of undeclared type or module `Int8Array`
[INFO] [stdout]     --> /opt/rustwide/cargo-home/registry/src/github.com-1ecc6299db9ec823/js-sys-0.3.31/src/lib.rs:4865:5
[INFO] [stdout]      |
[INFO] [stdout] 4865 |     Int8Array: i8 => 0,
[INFO] [stdout]      |     ^^^^^^^^^ use of undeclared type or module `Int8Array`
[INFO] [stdout] 
[INFO] [stdout] 
[INFO] [stdout] error[E0433]: failed to resolve: use of undeclared type or module `Int16Array`
[INFO] [stdout]     --> /opt/rustwide/cargo-home/registry/src/github.com-1ecc6299db9ec823/js-sys-0.3.31/src/lib.rs:4869:5
[INFO] [stdout]      |
[INFO] [stdout] 4869 |     Int16Array: i16 => 0,
[INFO] [stdout]      |     ^^^^^^^^^^ use of undeclared type or module `Int16Array`
[INFO] [stdout] 
[INFO] [stdout] 
[INFO] [stdout] error[E0433]: failed to resolve: use of undeclared type or module `Int32Array`
[INFO] [stdout]     --> /opt/rustwide/cargo-home/registry/src/github.com-1ecc6299db9ec823/js-sys-0.3.31/src/lib.rs:4873:5
[INFO] [stdout]      |
[INFO] [stdout] 4873 |     Int32Array: i32 => 0,
[INFO] [stdout]      |     ^^^^^^^^^^ use of undeclared type or module `Int32Array`
[INFO] [stdout] 
[INFO] [stdout] 
[INFO] [stdout] error[E0433]: failed to resolve: use of undeclared type or module `Uint8Array`
[INFO] [stdout]     --> /opt/rustwide/cargo-home/registry/src/github.com-1ecc6299db9ec823/js-sys-0.3.31/src/lib.rs:4877:5
[INFO] [stdout]      |
[INFO] [stdout] 4877 |     Uint8Array: u8 => 0,
[INFO] [stdout]      |     ^^^^^^^^^^ use of undeclared type or module `Uint8Array`
[INFO] [stdout] 
[INFO] [stdout] 
[INFO] [stdout] error[E0433]: failed to resolve: use of undeclared type or module `Uint8ClampedArray`
[INFO] [stdout]     --> /opt/rustwide/cargo-home/registry/src/github.com-1ecc6299db9ec823/js-sys-0.3.31/src/lib.rs:4881:5
[INFO] [stdout]      |
[INFO] [stdout] 4881 |     Uint8ClampedArray: u8 => 0,
[INFO] [stdout]      |     ^^^^^^^^^^^^^^^^^ use of undeclared type or module `Uint8ClampedArray`
[INFO] [stdout] 
[INFO] [stdout] 
[INFO] [stdout] error[E0433]: failed to resolve: use of undeclared type or module `Uint16Array`
[INFO] [stdout]     --> /opt/rustwide/cargo-home/registry/src/github.com-1ecc6299db9ec823/js-sys-0.3.31/src/lib.rs:4885:5
[INFO] [stdout]      |
[INFO] [stdout] 4885 |     Uint16Array: u16 => 0,
[INFO] [stdout]      |     ^^^^^^^^^^^ use of undeclared type or module `Uint16Array`
[INFO] [stdout] 
[INFO] [stdout] 
[INFO] [stdout] error[E0433]: failed to resolve: use of undeclared type or module `Uint32Array`
[INFO] [stdout]     --> /opt/rustwide/cargo-home/registry/src/github.com-1ecc6299db9ec823/js-sys-0.3.31/src/lib.rs:4889:5
[INFO] [stdout]      |
[INFO] [stdout] 4889 |     Uint32Array: u32 => 0,
[INFO] [stdout]      |     ^^^^^^^^^^^ use of undeclared type or module `Uint32Array`
[INFO] [stdout] 
[INFO] [stdout] 
[INFO] [stdout] error[E0433]: failed to resolve: use of undeclared type or module `Float32Array`
[INFO] [stdout]     --> /opt/rustwide/cargo-home/registry/src/github.com-1ecc6299db9ec823/js-sys-0.3.31/src/lib.rs:4893:5
[INFO] [stdout]      |
[INFO] [stdout] 4893 |     Float32Array: f32 => 0.0,
[INFO] [stdout]      |     ^^^^^^^^^^^^ use of undeclared type or module `Float32Array`
[INFO] [stdout] 
[INFO] [stdout] 
[INFO] [stdout] error[E0433]: failed to resolve: use of undeclared type or module `Float64Array`
[INFO] [stdout]     --> /opt/rustwide/cargo-home/registry/src/github.com-1ecc6299db9ec823/js-sys-0.3.31/src/lib.rs:4897:5
[INFO] [stdout]      |
[INFO] [stdout] 4897 |     Float64Array: f64 => 0.0,
[INFO] [stdout]      |     ^^^^^^^^^^^^ use of undeclared type or module `Float64Array`
[INFO] [stdout] 
[INFO] [stdout] 
[INFO] [stdout] error[E0412]: cannot find type `Int32Array` in this scope
[INFO] [stdout]    --> /opt/rustwide/cargo-home/registry/src/github.com-1ecc6299db9ec823/js-sys-0.3.31/src/lib.rs:644:37
[INFO] [stdout]     |
[INFO] [stdout] 644 |         pub fn notify(typed_array: &Int32Array, index: u32) -> Result<u32, JsValue>;
[INFO] [stdout]     |                                     ^^^^^^^^^^ not found in this scope
[INFO] [stdout] 
[INFO] [stdout] 
[INFO] [stdout] error[E0412]: cannot find type `Int32Array` in this scope
[INFO] [stdout]    --> /opt/rustwide/cargo-home/registry/src/github.com-1ecc6299db9ec823/js-sys-0.3.31/src/lib.rs:649:27
[INFO] [stdout]     |
[INFO] [stdout] 649 |             typed_array: &Int32Array,
[INFO] [stdout]     |                           ^^^^^^^^^^ not found in this scope
[INFO] [stdout] 
[INFO] [stdout] 
[INFO] [stdout] error[E0412]: cannot find type `Int32Array` in this scope
[INFO] [stdout]    --> /opt/rustwide/cargo-home/registry/src/github.com-1ecc6299db9ec823/js-sys-0.3.31/src/lib.rs:688:35
[INFO] [stdout]     |
[INFO] [stdout] 688 |         pub fn wait(typed_array: &Int32Array, index: u32, value: i32) -> Result<JsString, JsValue>;
[INFO] [stdout]     |                                   ^^^^^^^^^^ not found in this scope
[INFO] [stdout] 
[INFO] [stdout] 
[INFO] [stdout] error[E0412]: cannot find type `Int32Array` in this scope
[INFO] [stdout]    --> /opt/rustwide/cargo-home/registry/src/github.com-1ecc6299db9ec823/js-sys-0.3.31/src/lib.rs:695:27
[INFO] [stdout]     |
[INFO] [stdout] 695 |             typed_array: &Int32Array,
[INFO] [stdout]     |                           ^^^^^^^^^^ not found in this scope
[INFO] [stdout] 
[INFO] [stdout] 
[INFO] [stdout] error[E0412]: cannot find type `Int8Array` in this scope
[INFO] [stdout]     --> /opt/rustwide/cargo-home/registry/src/github.com-1ecc6299db9ec823/js-sys-0.3.31/src/lib.rs:4865:5
[INFO] [stdout]      |
[INFO] [stdout] 4865 |     Int8Array: i8 => 0,
[INFO] [stdout]      |     ^^^^^^^^^ not found in this scope
[INFO] [stdout] 
[INFO] [stdout] 
[INFO] [stdout] error[E0412]: cannot find type `Int16Array` in this scope
[INFO] [stdout]     --> /opt/rustwide/cargo-home/registry/src/github.com-1ecc6299db9ec823/js-sys-0.3.31/src/lib.rs:4869:5
[INFO] [stdout]      |
[INFO] [stdout] 4869 |     Int16Array: i16 => 0,
[INFO] [stdout]      |     ^^^^^^^^^^ not found in this scope
[INFO] [stdout] 
[INFO] [stdout] 
[INFO] [stdout] error[E0412]: cannot find type `Int32Array` in this scope
[INFO] [stdout]     --> /opt/rustwide/cargo-home/registry/src/github.com-1ecc6299db9ec823/js-sys-0.3.31/src/lib.rs:4873:5
[INFO] [stdout]      |
[INFO] [stdout] 4873 |     Int32Array: i32 => 0,
[INFO] [stdout]      |     ^^^^^^^^^^ not found in this scope
[INFO] [stdout] 
[INFO] [stdout] 
[INFO] [stdout] error[E0412]: cannot find type `Uint8Array` in this scope
[INFO] [stdout]     --> /opt/rustwide/cargo-home/registry/src/github.com-1ecc6299db9ec823/js-sys-0.3.31/src/lib.rs:4877:5
[INFO] [stdout]      |
[INFO] [stdout] 4877 |     Uint8Array: u8 => 0,
[INFO] [stdout]      |     ^^^^^^^^^^ not found in this scope
[INFO] [stdout] 
[INFO] [stdout] 
[INFO] [stdout] error[E0412]: cannot find type `Uint8ClampedArray` in this scope
[INFO] [stdout]     --> /opt/rustwide/cargo-home/registry/src/github.com-1ecc6299db9ec823/js-sys-0.3.31/src/lib.rs:4881:5
[INFO] [stdout]      |
[INFO] [stdout] 4881 |     Uint8ClampedArray: u8 => 0,
[INFO] [stdout]      |     ^^^^^^^^^^^^^^^^^ not found in this scope
[INFO] [stdout] 
[INFO] [stdout] 
[INFO] [stdout] error[E0412]: cannot find type `Uint16Array` in this scope
[INFO] [stdout]     --> /opt/rustwide/cargo-home/registry/src/github.com-1ecc6299db9ec823/js-sys-0.3.31/src/lib.rs:4885:5
[INFO] [stdout]      |
[INFO] [stdout] 4885 |     Uint16Array: u16 => 0,
[INFO] [stdout]      |     ^^^^^^^^^^^ not found in this scope
[INFO] [stdout] 
[INFO] [stdout] 
[INFO] [stdout] error[E0412]: cannot find type `Uint32Array` in this scope
[INFO] [stdout]     --> /opt/rustwide/cargo-home/registry/src/github.com-1ecc6299db9ec823/js-sys-0.3.31/src/lib.rs:4889:5
[INFO] [stdout]      |
[INFO] [stdout] 4889 |     Uint32Array: u32 => 0,
[INFO] [stdout]      |     ^^^^^^^^^^^ not found in this scope
[INFO] [stdout] 
[INFO] [stdout] 
[INFO] [stdout] error[E0412]: cannot find type `Float32Array` in this scope
[INFO] [stdout]     --> /opt/rustwide/cargo-home/registry/src/github.com-1ecc6299db9ec823/js-sys-0.3.31/src/lib.rs:4893:5
[INFO] [stdout]      |
[INFO] [stdout] 4893 |     Float32Array: f32 => 0.0,
[INFO] [stdout]      |     ^^^^^^^^^^^^ not found in this scope
[INFO] [stdout] 
[INFO] [stdout] 
[INFO] [stdout] error[E0412]: cannot find type `Float64Array` in this scope
[INFO] [stdout]     --> /opt/rustwide/cargo-home/registry/src/github.com-1ecc6299db9ec823/js-sys-0.3.31/src/lib.rs:4897:5
[INFO] [stdout]      |
[INFO] [stdout] 4897 |     Float64Array: f64 => 0.0,
[INFO] [stdout]      |     ^^^^^^^^^^^^ not found in this scope
[INFO] [stdout] 
[INFO] [stdout] 
[INFO] [stdout] error: aborting due to 35 previous errors
[INFO] [stdout] 
[INFO] [stdout] 
[INFO] [stdout] Some errors have detailed explanations: E0412, E0433.
[INFO] [stdout] 
[INFO] [stdout] For more information about an error, try `rustc --explain E0412`.
[INFO] [stdout] 
[INFO] [stderr] error: could not compile `js-sys`.
[INFO] [stderr] 
[INFO] [stderr] To learn more, run the command again with --verbose.
[INFO] [stderr] warning: build failed, waiting for other jobs to finish...
[INFO] [stderr] error: build failed
[INFO] running `Command { std: "docker" "inspect" "b444ab83b6d54e1c10d018f0cbce47ba4e4ca56398836879dc4a680b3bd887a5", kill_on_drop: false }`
[INFO] running `Command { std: "docker" "rm" "-f" "b444ab83b6d54e1c10d018f0cbce47ba4e4ca56398836879dc4a680b3bd887a5", kill_on_drop: false }`
[INFO] [stdout] b444ab83b6d54e1c10d018f0cbce47ba4e4ca56398836879dc4a680b3bd887a5
